{"id":30,"date":"2023-11-27T17:42:47","date_gmt":"2023-11-27T16:42:47","guid":{"rendered":"http:\/\/dev.adwokatura.krakow.pl\/adwokaci-i-aplikanci\/?page_id=30"},"modified":"2024-03-12T09:29:33","modified_gmt":"2024-03-12T08:29:33","slug":"skrzynka-pocztowa","status":"publish","type":"page","link":"https:\/\/dev.adwokatura.krakow.pl\/adwokaci-i-aplikanci\/dla-adwokatow\/skrzynka-pocztowa\/","title":{"rendered":"Skrzynki pocztowe"},"content":{"rendered":"<div class=\"zalaczniki\">\n    \n    <div class=\"zalaczniki__wrap\">\n                        <div class=\"zalaczniki__single\">\n                <div class=\"zalaczniki__first\">\n                    <p class=\"zalaczniki__title\">\n                                                    Wniosek o utworzenie, modyfikacj\u0119 lub usuni\u0119cie skrzynki pocztowej w systemie poczty elektronicznej Krakowskiej Izby Adwokackiej                                            <\/p>\n                    <p class=\"zalaczniki__file-name\">\n                                                    wniosek-poczta-elektroniczna.pdf                                            <\/p>\n                <\/div>\n                <div class=\"zalaczniki__middle\">\n                                        <a href=\"https:\/\/dev.adwokatura.krakow.pl\/adwokaci-i-aplikanci\/wp-content\/uploads\/sites\/2\/2023\/12\/wniosek-poczta-elektroniczna.pdf\">Zobacz plik<\/a>\n                                    <\/div>\n                <div class=\"zalaczniki__last\">\n                                        <a download href=\"https:\/\/dev.adwokatura.krakow.pl\/adwokaci-i-aplikanci\/wp-content\/uploads\/sites\/2\/2023\/12\/wniosek-poczta-elektroniczna.pdf\">\n                            <img decoding=\"async\" src=\"https:\/\/dev.adwokatura.krakow.pl\/adwokaci-i-aplikanci\/wp-content\/themes\/kia\/dist\/images\/download.svg\" alt=\"download\">\n                        <\/a>\n                                    <\/div>\n               \n            <\/div>\n                    <div class=\"zalaczniki__single\">\n                <div class=\"zalaczniki__first\">\n                    <p class=\"zalaczniki__title\">\n                                                    Umowa powierzenia przetwarzania danych osobowych                                            <\/p>\n                    <p class=\"zalaczniki__file-name\">\n                                                    umowa-powierzenia-21.pdf                                            <\/p>\n                <\/div>\n                <div class=\"zalaczniki__middle\">\n                                        <a href=\"https:\/\/dev.adwokatura.krakow.pl\/adwokaci-i-aplikanci\/wp-content\/uploads\/sites\/2\/2023\/12\/umowa-powierzenia-21.pdf\">Zobacz plik<\/a>\n                                    <\/div>\n                <div class=\"zalaczniki__last\">\n                                        <a download href=\"https:\/\/dev.adwokatura.krakow.pl\/adwokaci-i-aplikanci\/wp-content\/uploads\/sites\/2\/2023\/12\/umowa-powierzenia-21.pdf\">\n                            <img decoding=\"async\" src=\"https:\/\/dev.adwokatura.krakow.pl\/adwokaci-i-aplikanci\/wp-content\/themes\/kia\/dist\/images\/download.svg\" alt=\"download\">\n                        <\/a>\n                                    <\/div>\n               \n            <\/div>\n                    <div class=\"zalaczniki__single\">\n                <div class=\"zalaczniki__first\">\n                    <p class=\"zalaczniki__title\">\n                                                    Regulamin korzystania ze znaku \u201eAdwokatura Polska\u201d                                            <\/p>\n                    <p class=\"zalaczniki__file-name\">\n                                                    regulamin-korzystania-ze-znaku-adwokatura-polska.pdf                                            <\/p>\n                <\/div>\n                <div class=\"zalaczniki__middle\">\n                                        <a href=\"https:\/\/dev.adwokatura.krakow.pl\/adwokaci-i-aplikanci\/wp-content\/uploads\/sites\/2\/2023\/12\/regulamin-korzystania-ze-znaku-adwokatura-polska.pdf\">Zobacz plik<\/a>\n                                    <\/div>\n                <div class=\"zalaczniki__last\">\n                                        <a download href=\"https:\/\/dev.adwokatura.krakow.pl\/adwokaci-i-aplikanci\/wp-content\/uploads\/sites\/2\/2023\/12\/regulamin-korzystania-ze-znaku-adwokatura-polska.pdf\">\n                            <img decoding=\"async\" src=\"https:\/\/dev.adwokatura.krakow.pl\/adwokaci-i-aplikanci\/wp-content\/themes\/kia\/dist\/images\/download.svg\" alt=\"download\">\n                        <\/a>\n                                    <\/div>\n               \n            <\/div>\n                <\/div>\n<\/div>\n\n\n<h4 class=\"wp-block-heading\" id=\"regulamin-korzystania-z-poczty\">REGULAMIN KORZYSTANIA Z POCZTY ELEKTRONICZNEJ W DOMENIE adwokatura.krakow.pl<\/h4>\n\n\n\n<p><em>Niniejszy regulamin obowi\u0105zuje od dnia 17 stycznia 2019 roku<\/em><\/p>\n\n\n\n<ol>\n<li><strong>Postanowienia wst\u0119pne<\/strong>\n<ol>\n<li>Regulamin dotyczy us\u0142ug \u015bwiadczonych drog\u0105 elektroniczn\u0105 zgodnie z Ustaw\u0105 z dnia 18 lipca 2002 r. o \u015bwiadczeniu us\u0142ug drog\u0105 elektroniczn\u0105 (t.j. Dz. U. z 2013 r., poz. 1422) przez Krakowsk\u0105 Izb\u0119 Adwokack\u0105 z siedzib\u0105 przy ul. Batorego 17, 31-135 Krak\u00f3w, NIP: 676-12-88-578 w zakresie us\u0142ug poczty elektronicznej.<\/li>\n\n\n\n<li>Us\u0142ugi poczty elektronicznej, o kt\u00f3rych mowa w punkcie powy\u017cej, s\u0105 \u015bwiadczone nieodp\u0142atnie w trybie i na zasadach okre\u015blonych w Regulaminie.<\/li>\n\n\n\n<li>Warunkiem korzystania z us\u0142ug poczty elektronicznej, o kt\u00f3rych mowa odpowiednio w pkt 1.1. oraz 1.2. Regulaminu jest wyra\u017cenie zgody na wszystkie postanowienia zawarte w Regulaminie.<\/li>\n<\/ol>\n<\/li>\n\n\n\n<li><strong>Definicje<\/strong>\n<ul>\n<li><strong>Regulamin&nbsp;<\/strong>\u2013 niniejszy regulamin korzystania z systemu poczty elektronicznej w domenie adwokatura.krakow.pl;<\/li>\n\n\n\n<li><strong>KIA&nbsp;<\/strong>\u2013 Krakowska Izba Adwokacka z siedzib\u0105 przy ul. Batorego 17, 31-135 Krak\u00f3w, NIP: 676-12-88-578;<\/li>\n\n\n\n<li><strong>Poczta elektroniczna KIA&nbsp;<\/strong>\u2013 system poczty elektronicznej KIA w domenie adwokatura.krakow.pl;<\/li>\n\n\n\n<li><strong>Skrzynki pocztowe&nbsp;<\/strong>\u2013 skrzynki Poczty elektronicznej KIA;<\/li>\n\n\n\n<li><strong>U\u017cytkownik&nbsp;<\/strong>\u2013 adwokat, aplikant adwokacki b\u0119d\u0105cy cz\u0142onkiem KIA lub prawnik zagraniczny wykonuj\u0105cy zaw\u00f3d na obszarze KIA, pracownik organ\u00f3w, osoba wsp\u00f3\u0142pracuj\u0105ca z organami KIA, kt\u00f3rym przyznano dost\u0119p do Skrzynki pocztowej;<\/li>\n\n\n\n<li><strong>Formularz&nbsp;<\/strong>\u2013 dokument w wersji papierowej zawieraj\u0105cy wniosek o udost\u0119pnienie, modyfikacj\u0119 lub usuni\u0119cie Skrzynek pocztowych;<\/li>\n\n\n\n<li><strong>Dane identyfikuj\u0105ce&nbsp;<\/strong>\u2013 dane U\u017cytkownika zawarte w Formularzu, pozwalaj\u0105ce na poprawne udost\u0119pnianie, modyfikowanie lub usuwanie Skrzynki pocztowej U\u017cytkownika;<\/li>\n\n\n\n<li><strong>Has\u0142o&nbsp;<\/strong>\u2013 oznacza ci\u0105g znak\u00f3w wybranych przez U\u017cytkownika w celu zabezpieczenia dost\u0119pu do Skrzynki Pocztowej;<\/li>\n\n\n\n<li><strong>Administrator&nbsp;<\/strong>\u2013 pracownik KIA lub pracownik firmy zewn\u0119trznej \u015bwiadcz\u0105cej us\u0142ug\u0119 administrowania Poczt\u0105 elektroniczn\u0105 KIA odpowiedzialny za udost\u0119pnianie, modyfikowanie lub usuwanie Skrzynek pocztowych dla U\u017cytkownik\u00f3w i bie\u017c\u0105c\u0105 pomoc w zakresie korzystania z Poczty elektronicznej KIA.<\/li>\n<\/ul>\n<\/li>\n\n\n\n<li><strong>Przedmiot us\u0142ugi<\/strong>\n<ol>\n<li>KIA w ramach systemu Poczty elektronicznej KIA \u015bwiadczy us\u0142ugi poczty elektronicznej w domenie adwokatura.krakow.pl na rzecz U\u017cytkownik\u00f3w.<\/li>\n\n\n\n<li>Poczta elektroniczna KIA jest us\u0142ug\u0105 \u015bwiadczon\u0105 drog\u0105 elektroniczn\u0105 w rozumieniu Ustawy z dnia 18 lipca 2002 r. o \u015bwiadczeniu us\u0142ug drog\u0105 elektroniczn\u0105 (t.j. Dz. U. z 2013 r., poz. 1422), przy wykorzystaniu bezpiecznego po\u0142\u0105czenia SSL.<\/li>\n\n\n\n<li>Skrzynka pocztowa w systemie Poczty elektronicznej KIA jest przeznaczona do wykorzystania wy\u0142\u0105cznie w zakresie dzia\u0142alno\u015bci zawodowej U\u017cytkownik\u00f3w lub wsp\u00f3\u0142pracy z KIA.<\/li>\n<\/ol>\n<\/li>\n<\/ol>\n\n\n\n<ol start=\"4\">\n<li><strong>Wymagania techniczne dla korzystania z Poczty elektronicznej KIA<\/strong>\n<ol>\n<li>Niezb\u0119dnym dla korzystania z Poczty elektronicznej KIA jest:\n<ul>\n<li>posiadanie urz\u0105dzenia pozwalaj\u0105cego na dost\u0119p do sieci Internet, \u0142\u0105cznie z oprogramowaniem s\u0142u\u017c\u0105cym do przegl\u0105dania jej zasob\u00f3w,<\/li>\n\n\n\n<li>korzystanie z nast\u0119puj\u0105cych przegl\u0105darek internetowych: Chrome, Firefox, Internet Explorer, Edge, Safari lub inne; lub program\u00f3w pocztowych Outlook, Windows Mail, Thunderbird, Mail lub inne oprogramowanie dost\u0119pne tak\u017ce na urz\u0105dzeniach mobilnych.<\/li>\n\n\n\n<li>dane konieczne do konfiguracji skrzynki w programie pocztowym lub urz\u0105dzeniu mobilnym dost\u0119pne s\u0105 na stronie:&nbsp;<a href=\"https:\/\/adwokatura.krakow.pl\/e-informator-krakowskiej-izby-adwokackiej\/e-informator-kia-nr-322018\/skrzynka-pocztowa-w-domenie-adwokatura-krakow-pl-1740.html\">https:\/\/adwokatura.krakow.pl\/e-informator-krakowskiej-izby-adwokackiej\/e-informator-kia-nr-322018\/skrzynka-pocztowa-w-domenie-adwokatura-krakow-pl-1740.html<\/a>&nbsp;<\/li>\n<\/ul>\n<\/li>\n\n\n\n<li>KIA do\u0142o\u017cy wszelkich stara\u0144 dla zapewnienia dzia\u0142ania Poczty elektronicznej KIA na najnowszych stabilnych wersjach powszechnie wykorzystywanych przegl\u0105darek internetowych przy czym KIA nie gwarantuje, \u017ce wszystkie elementy b\u0119d\u0105 poprawnie wy\u015bwietlane przez dost\u0119pne przegl\u0105darki<\/li>\n<\/ol>\n<\/li>\n\n\n\n<li><strong>Za\u0142o\u017cenie Skrzynki pocztowej<\/strong>\n<ol>\n<li>Za\u0142o\u017cenie Skrzynki pocztowej nast\u0119puje na podstawie Formularza wype\u0142nionego przez U\u017cytkownika. Formularz jest dost\u0119pny pod adresem:&nbsp;<a href=\"https:\/\/adwokatura.krakow.pl\/data\/domains\/1\/pl\/c_descriptive_page\/194\/92\/files\/wniosek-poczta-elektroniczna.pdf\">https:\/\/adwokatura.krakow.pl\/data\/domains\/1\/pl\/c_descriptive_page\/194\/92\/files\/wniosek-poczta-elektroniczna.pdf<\/a>, po wcze\u015bniejszym zalogowaniu si\u0119 na stronie&nbsp; internetowej KIA.<\/li>\n\n\n\n<li>Wype\u0142niony i podpisany Formularz nale\u017cy z\u0142o\u017cy\u0107 za po\u015brednictwem Dziennika Podawczego KIA w siedzibie KIA.<\/li>\n\n\n\n<li>W przypadku prawid\u0142owo z\u0142o\u017conego Formularza Skrzynka pocztowa zostaje udost\u0119pniona w terminie 3 dni od chwili jego z\u0142o\u017cenia.<\/li>\n\n\n\n<li>U\u017cytkownicy Poczty elektronicznej KIA otrzymuj\u0105 adresy Skrzynek pocztowych w domenie adwokatura.krakow.pl. zgodne z danymi podanymi w Formularzu na wskazany w Formularzu adres e-mail.<\/li>\n\n\n\n<li>Dost\u0119p do Skrzynki pocztowej jest chroniony has\u0142em. Has\u0142o stanowi zabezpieczenie dost\u0119pu do systemu oraz tre\u015bci wiadomo\u015bci przechowywanych w Skrzynce pocztowej.<\/li>\n\n\n\n<li>Has\u0142o do pierwszego logowania nadaje Administrator poprzez przes\u0142anie go w formie wiadomo\u015bci SMS na numer telefonu podany przez U\u017cytkownika w Formularzu.<\/li>\n\n\n\n<li>Dost\u0119p do Skrzynki pocztowej mo\u017cliwy jest za pomoc\u0105:\n<ul>\n<li>przegl\u0105darki internetowej poprzez stron\u0119 internetow\u0105:&nbsp;<a href=\"https:\/\/poczta.adwokatura.krakow.pl\/\">https:\/\/poczta.adwokatura.krakow.pl<\/a>.<\/li>\n\n\n\n<li>program\u00f3w pocztowych do obs\u0142ugi poczty elektronicznej.<\/li>\n<\/ul>\n<\/li>\n\n\n\n<li>Po za\u0142o\u017ceniu Skrzynki pocztowej U\u017cytkownikowi przys\u0142uguje prawo do dokonywania aktualizacji danych zg\u0142oszonych w momencie za\u0142o\u017cenia Skrzynki pocztowej poprzez z\u0142o\u017cenie Formularza w spos\u00f3b i na zasadach opisanych w pkt 5.2. Regulaminu.<\/li>\n<\/ol>\n<\/li>\n\n\n\n<li><strong>Prawa i obowi\u0105zki U\u017cytkownika<\/strong>\n<ol>\n<li>W ramach korzystania z us\u0142ugi Poczty elektronicznej KIA U\u017cytkownik o\u015bwiadcza, \u017ce:\n<ul>\n<li>dane identyfikuj\u0105ce podane przez U\u017cytkownika w Formularzu s\u0105 zgodne z prawd\u0105 oraz nie naruszaj\u0105 praw os\u00f3b trzecich,<\/li>\n\n\n\n<li>b\u0119dzie przestrzega\u0142 powszechnie obowi\u0105zuj\u0105cych przepis\u00f3w prawa na terytorium Rzeczypospolitej Polskiej, dobrych obyczaj\u00f3w oraz postanowie\u0144 Regulaminu,<\/li>\n\n\n\n<li>nie b\u0119dzie dzia\u0142a\u0142 w spos\u00f3b naruszaj\u0105cy prawa innych U\u017cytkownik\u00f3w oraz nie b\u0119dzie przenosi\u0142 prawa do korzystania ze swojej Skrzynki pocztowej na osoby trzecie.<\/li>\n<\/ul>\n<\/li>\n\n\n\n<li>W ramach korzystania z us\u0142ugi Poczty elektronicznej KIA U\u017cytkownik ma prawo do rezygnacji z us\u0142ugi w ka\u017cdym czasie i bez ogranicze\u0144 poprzez z\u0142o\u017cenie Formularza w spos\u00f3b i na zasadach opisanych w pkt 5.2. Regulaminu.<\/li>\n\n\n\n<li>Z\u0142o\u017cenie o\u015bwiadczenia o rezygnacji z us\u0142ugi Poczty elektronicznej KIA r\u00f3wnoznaczne jest z usuni\u0119ciem przez KIA Skrzynki pocztowej U\u017cytkownika wraz z zawarto\u015bci\u0105.<\/li>\n\n\n\n<li>W przypadku naruszenia przez U\u017cytkownika postanowie\u0144 Regulaminu lub korzystania przez U\u017cytkownika z Poczty elektronicznej KIA w spos\u00f3b sprzeczny z powszechnie obowi\u0105zuj\u0105cymi przepisami prawa na terytorium Rzeczypospolitej Polskiej lub dobrymi obyczajami, KIA ma prawo do zaprzestania \u015bwiadczenia us\u0142ugi Poczty elektronicznej KIA, po uprzednim pisemnym poinformowaniu o tym fakcie U\u017cytkownika, co wi\u0105\u017ce si\u0119 z usuni\u0119ciem Skrzynki pocztowej wraz z zawarto\u015bci\u0105.<\/li>\n<\/ol>\n<\/li>\n\n\n\n<li><strong>Zobowi\u0105zania KIA<\/strong>\n<ol>\n<li>KIA zobowi\u0105zuje si\u0119 do\u0142o\u017cy\u0107 wszelkich stara\u0144 w celu zapewnienia poprawnego dzia\u0142ania systemu Poczty elektronicznej KIA oraz zobowi\u0105zuje si\u0119 do udzielania wszelkiej mo\u017cliwej pomocy w problemach zwi\u0105zanych z obs\u0142ug\u0105 Skrzynek pocztowych.<\/li>\n\n\n\n<li>W przypadku, gdy U\u017cytkownik wykryje zainfekowane dane, niezale\u017cnie od \u017ar\u00f3d\u0142a (np. strona internetowa, za\u0142\u0105cznik poczty elektronicznej) jest obowi\u0105zany niezw\u0142ocznie o fakcie tym powiadomi\u0107 Administratora.<\/li>\n\n\n\n<li>KIA nie ponosi odpowiedzialno\u015bci za tre\u015bci otrzymywane, przesy\u0142ane lub przechowywane przez U\u017cytkownik\u00f3w w ramach b\u0105d\u017a za po\u015brednictwem us\u0142ugi Poczty elektronicznej KIA.<\/li>\n\n\n\n<li>KIA nie ponosi odpowiedzialno\u015bci za brak lub ubytki w funkcjonalno\u015bci Poczty elektronicznej KIA w przypadku u\u017cywania przez U\u017cytkownika nieoryginalnych sprz\u0119t\u00f3w, oprogramowania, b\u0105d\u017a plik\u00f3w.<\/li>\n\n\n\n<li>KIA zastrzega sobie prawo do czasowego wstrzymania us\u0142ugi Poczty elektronicznej KIA po uprzednim poinformowaniu U\u017cytkownik\u00f3w o takiej konieczno\u015bci, je\u017celi jest to spowodowane pracami konserwacyjnymi lub rozbudow\u0105 funkcjonalno\u015bci us\u0142ugi.&nbsp;<\/li>\n<\/ol>\n<\/li>\n\n\n\n<li><strong>Dane osobowe<\/strong><br>Zasady dotycz\u0105ce przetwarzania danych osobowych U\u017cytkownik\u00f3w przez KIA w ramach i w zwi\u0105zku z korzystaniem z us\u0142ugi Poczty elektronicznej KIA zosta\u0142y uregulowane w Polityce prywatno\u015bci Poczty elektronicznej KIA, kt\u00f3ra znajduje si\u0119 pod adresem:&nbsp;<a href=\"https:\/\/adwokatura.krakow.pl\/data\/domains\/1\/pl\/filemanager_files\/polityka-prywatnosci-skrzynki-pocztowej-aktualizacja.pdf\">https:\/\/adwokatura.krakow.pl\/data\/domains\/1\/pl\/filemanager_files\/polityka-prywatnosci-skrzynki-pocztowej-aktualizacja.pdf<\/a><\/li>\n\n\n\n<li><strong>Pomoc techniczna<\/strong>\n<ol>\n<li>\u017b\u0105danie udzielenia pomocy technicznej odno\u015bnie do sposobu funkcjonowania Poczty elektronicznej KIA lub zg\u0142oszenie problemu w korzystaniu z tej us\u0142ugi i pro\u015bba o wskazanie sposobu jego rozwi\u0105zania mo\u017cliwe s\u0105 poprzez wys\u0142anie e-maila na adres:&nbsp;<a href=\"mailto:ora@adwokatura.krakow.pl\">ora@adwokatura.krakow.pl<\/a><\/li>\n\n\n\n<li>Ze wzgl\u0119d\u00f3w bezpiecze\u0144stwa zmienione has\u0142o mo\u017ce zosta\u0107 wys\u0142ane wy\u0142\u0105cznie na numer telefonu podany w Formularzu.<\/li>\n<\/ol>\n<\/li>\n\n\n\n<li><strong>Postanowienia ko\u0144cowe<\/strong>\n<ol>\n<li>Regulamin w aktualnie obowi\u0105zuj\u0105cej wersji jest dost\u0119pny na stronie internetowej KIA pod adresem:&nbsp;<a href=\"https:\/\/adwokatura.krakow.pl\/regulamin-korzystania-z-poczty-elektronicznej-kia\/\">https:\/\/adwokatura.krakow.pl\/regulamin-korzystania-z-poczty-elektronicznej-kia\/<\/a>, po wcze\u015bniejszym zalogowaniu si\u0119 na stronie internetowej KIA.<\/li>\n\n\n\n<li>KIA zastrzega sobie prawo do zmiany postanowie\u0144 Regulaminu. Wszelkie zmiany Regulaminu zaczynaj\u0105 obowi\u0105zywa\u0107 z momentem ich opublikowania na stronie internetowej KIA.<\/li>\n\n\n\n<li>Dalsze korzystanie przez U\u017cytkownika z Poczty elektronicznej KIA po dokonaniu zmian Regulaminu i udost\u0119pnieniu jego aktualnej wersji na stronie internetowej KIA, jest r\u00f3wnoznaczne z potwierdzeniem przez U\u017cytkownika, \u017ce zapozna\u0142 si\u0119 on ze zmianami Regulaminu oraz z\u0142o\u017ceniem przez U\u017cytkownika o\u015bwiadczenia o akceptacji wszystkich zmienionych postanowie\u0144 Regulaminu.<\/li>\n<\/ol>\n<\/li>\n<\/ol>\n","protected":false},"excerpt":{"rendered":"<p>REGULAMIN KORZYSTANIA Z POCZTY ELEKTRONICZNEJ W DOMENIE adwokatura.krakow.pl Niniejszy regulamin obowi\u0105zuje od dnia 17 stycznia 2019 roku<\/p>\n","protected":false},"author":1,"featured_media":0,"parent":7,"menu_order":0,"comment_status":"closed","ping_status":"closed","template":"","meta":{"inline_featured_image":false,"footnotes":""},"acf":[],"_links":{"self":[{"href":"https:\/\/dev.adwokatura.krakow.pl\/adwokaci-i-aplikanci\/wp-json\/wp\/v2\/pages\/30"}],"collection":[{"href":"https:\/\/dev.adwokatura.krakow.pl\/adwokaci-i-aplikanci\/wp-json\/wp\/v2\/pages"}],"about":[{"href":"https:\/\/dev.adwokatura.krakow.pl\/adwokaci-i-aplikanci\/wp-json\/wp\/v2\/types\/page"}],"author":[{"embeddable":true,"href":"https:\/\/dev.adwokatura.krakow.pl\/adwokaci-i-aplikanci\/wp-json\/wp\/v2\/users\/1"}],"replies":[{"embeddable":true,"href":"https:\/\/dev.adwokatura.krakow.pl\/adwokaci-i-aplikanci\/wp-json\/wp\/v2\/comments?post=30"}],"version-history":[{"count":4,"href":"https:\/\/dev.adwokatura.krakow.pl\/adwokaci-i-aplikanci\/wp-json\/wp\/v2\/pages\/30\/revisions"}],"predecessor-version":[{"id":3364,"href":"https:\/\/dev.adwokatura.krakow.pl\/adwokaci-i-aplikanci\/wp-json\/wp\/v2\/pages\/30\/revisions\/3364"}],"up":[{"embeddable":true,"href":"https:\/\/dev.adwokatura.krakow.pl\/adwokaci-i-aplikanci\/wp-json\/wp\/v2\/pages\/7"}],"wp:attachment":[{"href":"https:\/\/dev.adwokatura.krakow.pl\/adwokaci-i-aplikanci\/wp-json\/wp\/v2\/media?parent=30"}],"curies":[{"name":"wp","href":"https:\/\/api.w.org\/{rel}","templated":true}]}}